3. Suppose -3 = -2*h + 3. Let p be h + (3/(-3))/(-1). Suppose -2*o - o - 17 = 2*y, p*y = -2*o - 22. What is a(o)?
3
Let n = 3 + -48. Let t be (-36)/(-10) + (-18)/n. Let r(v) = 2*v**3 + v**2 + t*v - v + 1 + 3*v**2. What is r(-2)?
-5
Let p(k) be the second derivative of -7*k**5/20 + k**4/6 - k**3/3 + k**2/2 - 9*k. Determine p(1).
-6
Let j(c) = -c**2 + 1. Let m(h) = -7*h**2 - 3*h + 10. Let u(o) = 6*j(o) - m(o). Determine u(-3).
-4
Let a(x) = x - 1. Let v be a(7). Let f(z) = 9 - z**2 - 3 + 0*z**2 + v*z. Determine f(5).
11
Let h be (-1)/(-3)*-2*-21. Suppose -4*x = 3*k - 38, 3*k + h = -2*x + 42. Let r(t) = -2*t + 7. What is r(k)?
-5
Let u(o) be the first derivative of -4*o**3/3 + o**2/2 + 2*o - 5. What is u(2)?
-12
Let f(n) = -n. Suppose -5*o = -4*o - 6. Let u(g) = g**3 - 4*g**2 + 6*g + 4. Let s(v) = o*f(v) + u(v). Calculate s(4).
4
Let q(f) = -f**2 - 13*f - 8. Let c be q(-12). Let b(x) be the first derivative of 0*x - 2/3*x**3 + 2*x**2 - 1/4*x**c + 2. Determine b(-3).
-3
Let o be 0 + 12 - (-4 - -5). Suppose -s - o + 5 = 0. Let d(a) = -a**3 - 6*a**2. Calculate d(s).
0
Suppose 4*l - y = -5, 3*l + 0*y + 25 = 5*y. Let m(p) = 3*p - 5. Let x(r) = -2*r + 5. Let t(o) = 3*m(o) + 4*x(o). Give t(l).
5
Let t(i) be the third derivative of -i**6/120 + i**5/15 - i**4/12 - i**3/6 - 18*i**2. What is t(3)?
2
Suppose 4*p = 12, -4*p = 2*c - 16 - 0. Let f(o) = -o - 1. Let d(x) = 2*x + 2. Let h(v) = c*d(v) + 3*f(v). What is h(-6)?
-5
Let j = -2 + 8. Let t(b) = b**2 - 5*b - 3. What is t(j)?
3
Let t(x) be the first derivative of -x**3/3 - 4*x**2 + x + 12. What is t(-7)?
8
Let a be (38/8)/(1/4). Let s(b) = -a*b + 5*b - 2 + 11*b. Give s(2).
-8
Let v(h) = -h**2 - 8*h - 4. Let m be v(-5). Suppose 5*l - 2*p + m = -3*p, -4 = -p. Let w = l + -2. Let i(x) = -x**2 - 5*x + 4. Calculate i(w).
4
Let s(b) = -b**3 - 7*b**2 - b - 15. Let r be s(-7). Let q(p) = -2*p - 10. Determine q(r).
6
Suppose -8*w + 3*w - 4*o - 2 = 0, o = -5*w + 7. Let d(q) be the first derivative of -1/2*q**2 - 4/3*q**3 - w*q - 1/4*q**4 + 1. Calculate d(-2).
-8
Let j(n) = -n**2 + 4*n + 2. Suppose -5*w - b - 3*b = -12, 3*w - b = -3. Suppose -19 + 0 = -5*o - 3*k, o + 3*k + 1 = w. Determine j(o).
-3
Let i(t) = 7*t**2 + 6*t + 1. Let a(h) = 3 + 0*h - h - 3 - h**2. Let m(z) = 6*a(z) + i(z). Let d(y) = -y**2 - 5*y + 8. Let s be d(-6). Give m(s).
5
Let t(x) = -x - 5. Let w(o) = -3*o - 14. Let f(y) = 11*t(y) - 4*w(y). Let r be f(0). Let v(j) = j - 1 - 1 + r. Calculate v(1).
0
Let l(s) be the first derivative of s**2/2 + s - 20. Calculate l(-1).
0
Let t(l) = -l + 7. Suppose 2*o + 0 = 2*m + 2, -5*o = -25. Let q be t(m). Let v(h) = 2*h - 4. Calculate v(q).
2
Let a(t) = -t + 1. Suppose -5*y - 10 = -3*y. Let i(s) = -s. Let x(q) = y*a(q) + 6*i(q). Let b be 2/(-5)*(2 + 8). What is x(b)?
-1
Let f(t) = t - 4. Suppose 2 = 2*s + 4*i, 4*s + i - 16 = 5*i. Suppose -l + 25 = 4*l, -s*l - 15 = 5*u. Give f(u).
-10
Let l(v) = 2*v**2 - 21*v. Let n(o) = -o**2 + 11*o. Let x(b) = -6*l(b) - 11*n(b). Give x(6).
-6
Let o = 56 + -59. Let w(j) = j**3 + 2*j**2 + 4. Give w(o).
-5
Let a = 3 + -3. Let q(g) be the second derivative of -g**5/20 - g**4/12 + 7*g**2/2 + 14*g. Calculate q(a).
7
Suppose 3*h = -2*i - 6, 5*i + 0*h - 2*h = 23. Let j(k) = -k - 1. Let n be j(i). Let r(m) = -1 - 5*m + m**2 + 2*m**2 - 3 + m**3. Calculate r(n).
0
Let d = -11 + 8. Let x = d + 3. Let f(t) = -1 - t**3 - t**2 - t - 1 - 1. Determine f(x).
-3
Let q(o) = -4*o - 9. Let w(k) = 7*k + 17. Let z(g) = -5*q(g) - 3*w(g). Let u be (24/36)/(2/27). Suppose u*d = 11*d. Calculate z(d).
-6
Let f(b) = b + 5. Let l(x) = -x. Let w(m) = f(m) + 2*l(m). Suppose 28 = 3*u + 2*d, 0*d = -2*u - 3*d + 17. Suppose h - u = -h. What is w(h)?
0
Suppose -5 = -3*s + 4. Suppose s*p = -b + 14, 5*p - 2*b - 3 = 2. Let v(z) = 2*z**2 - 5*z + 2. Determine v(p).
5
Let w(l) = -31 + 31 - l. Let h(q) = q - 3. Let k(o) = h(o) + 2*w(o). What is k(-6)?
3
Let h(a) = 5*a + 0*a + 5 - 2*a**3 + 3*a**3 + 4*a**2 - 4*a. Give h(-4).
1
Let t(s) = s**2 + 8*s - 13. Let o(u) = -u**2 - 5*u - 3. Let h be o(-6). Calculate t(h).
-4
Suppose 4*i + 0 = -4. Let z(r) = -3*r**3 + 8*r**2 - 2*r - 9*r**2 - 1 + 5*r**3. Determine z(i).
-2
Let k(l) = l**3 + 10*l**2 + 11*l + 9. Suppose -3*s + p + 2*p = 39, 3*s = p - 31. What is k(s)?
-9
Let w(f) be the second derivative of -f**3/3 - 2*f**2 + 11*f + 2. What is w(3)?
-10
Suppose -3*n = 5*l - 7*n - 12, 5*n = -5*l + 30. Let z(h) = -10*h + 10*h - l + h**3 - 2*h**2. Suppose -5*o = 0, 5*o = d - 6*d + 15. Calculate z(d).
5
Let k = 5 + -3. Let t(a) = -a**2 + 1 - 4*a + 3*a + k*a. Let s(z) = -2*z**2 + 2*z + 5. Let v(l) = -s(l) + t(l). What is v(0)?
-4
Let u(q) = -2*q + 4. Let f(x) = 0*x**3 - 10*x**2 - 1 - x**3 - 5 - 10*x. Let t be f(-9). Give u(t).
-2
Let c(r) = 14 - r - 2 - 10 + 1. What is c(9)?
-6
Let n(a) be the first derivative of 0*a - 8 + 1/2*a**2. Calculate n(-3).
-3
Suppose 80*v - 3 = 83*v. Let w(c) = 22*c**2 + 1. Give w(v).
23
Let p(l) be the first derivative of l - 1. Let d(x) = 3*x**3 + x**2 + x + 6. Let a(s) = d(s) - 6*p(s). Let z = 1 - 2. Give a(z).
-3
Let f be (-3)/(-5) + 21/15. Suppose -o + k - f = -2*o, o - 12 = 4*k. Let q(t) be the first derivative of -t**2/2 + 5*t + 2. Calculate q(o).
1
Let k(v) = v**2 - 1. Let c = 8 + -4. Suppose 5 - 23 = -3*g - c*d, -g + 4*d = 10. Suppose -2*a + 14 = -4*i, -g*i - 6 = -4*a + 4. Give k(a).
0
Suppose -4*q + 7 + 17 = 4*p, 0 = -2*p + 5*q - 2. Let j be (2/4)/(2/8). Let o(h) = 5 + h**j + 5 - 5*h - 4. Give o(p).
2
Suppose -4*h + 3*q = -20, 0 = 2*h - 0*h + 2*q + 4. Let g(l) be the first derivative of l - 1 + 0*l**h + 1/3*l**3. What is g(-1)?
2
Let n(k) be the third derivative of -k**5/60 - 5*k**4/24 + k**3/3 + 6*k**2. Calculate n(-5).
2
Let d(r) = 4*r + 1. Let n(g) = -6*g - 2. Let b(p) = 8*d(p) + 5*n(p). Give b(4).
6
Let g(r) be the third derivative of 3*r**2 + 0 + 1/6*r**3 - 1/8*r**4 + 0*r. Determine g(3).
-8
Suppose -2*s + 4 = 2. Let x(i) = -i**2 + 3*i + 0*i**2 - 2*i + 3*i**2 + s. Let r = -17 - -19. Give x(r).
11
Let p(z) be the second derivative of -z**5/20 - 5*z**4/12 + z**2 - 2*z. Let d be p(-5). Let n(f) = 1 - d + f**2 + f**2 + 2*f**3. Calculate n(-2).
-9
Let s(t) = t**2 - t + 1. Let v(h) = -5*h**2 + 6*h - 1. Let a(p) = -6*s(p) - v(p). Let d be ((-1)/(-1) - 1)/(-1). Calculate a(d).
-5
Suppose -12 = 7*i - 3*i. Let p(o) = o**2 + 6*o - 4. What is p(i)?
-13
Let m(h) = h - 2. Let q(p) = -2*p + 4. Let g(y) = 11*m(y) + 6*q(y). Calculate g(2).
0
Suppose -5*q - 2*g = -12, -4 = -3*q - 5*g + 7. Let r(s) = -q*s - 1 - s + 0*s. Calculate r(1).
-4
Let a be -1 - -1*(-2 - -5). Let k be (-2)/(-2) - (-4)/a. Let l(s) = -4*s**2 - s**3 + k*s + 5 + 5*s**3 - 5*s**3. Give l(-4).
-7
Suppose 3*n = c - 2 - 2, 3*n + 28 = -2*c. Let d(o) = -o - 10. Let u be d(c). Let l(w) = -2*w**2 - w + 2. Calculate l(u).
-4
Let a be ((-1)/2)/(2/(-4)). Let w(h) be the third derivative of 0 + 0*h + 2*h**2 + 0*h**3 - 1/8*h**4. Determine w(a).
-3
Let d(l) = -11*l**2 - 3*l - 1. Let p(f) = -32*f**2 - 10*f - 4. Let h(m) = 7*d(m) - 2*p(m). What is h(1)?
-13
Let z(s) = -s + 6. Suppose 2*o = -4*a + 18, a - 2*o = 2*a - 3. Determine z(a).
1
Let p(w) be the second derivative of -2*w**3/3 + 4*w**2 + 2*w. Let k(q) = -13*q + 25. Let n(m) = -2*k(m) + 7*p(m). Let u = 0 - -4. Determine n(u).
-2
Let k(a) = -6 + 9 - 4*a - 2*a + a**2 + 4*a. Let d be (1 + (-1 - 3))*-1. Calculate k(d).
6
Let q(v) = v**2 + v + 12. Let z be 5 + -3 - 2 - 0. Give q(z).
12
Let p(q) = q + 9. Let o be p(-7). Suppose o*v - 4 + 47 = 5*l, -3*l - 4*v + 31 = 0. Let b(t) = 6*t - 10*t**2 + 0 - 3 + l*t**2. Calculate b(5).
2
Let k(r) be the first derivative of 1/20*r**5 - 4 - 3/2*r**2 + 1/6*r**3 + 5/12*r**4 - r. Let q(d) be the first derivative of k(d). What is q(-4)?
9
Let k(h) be the third derivative of -h**6/60 - h**5/15 - h**4/24 + h**3/3 + 3*h**2. Give k(-2).
4
Let m(s) be the second derivative of -5*s**3/6 + 9*s. What is m(2)?
-10
Let r be 1/(12/9 + -1). Let t = r + 0. Let g(v) = -2*v + 3. What is g(t)?
-3
Let u(r) = -r**2 + 2*r + 5. Let t be ((-10)/14)/((-1)/7). Determine u(t).
-10
Let p(w) be the second derivative of w**5/20 + w**4/6 - w**3/2 - 3*w**2/2 + w. Determine p(-3).
-3
Suppose 0 = i + i. Let m = 0 - 0. Let o(d) = -d + m*d + 0*d. Calculate o(i).
0
Suppose 5*t = -11 + 1. Let r(c) = -2*c. Let q(k) = -k - 1. Let y(x) = -3*q(x) + r(x). Calculate 